t is 3 + -7 - (4 + -4)?
-4
Calculate -2 + 1 - ((0 - 3) + 7).
-5
0 + (4 - 9) - -10
5
Evaluate (10 - (-3 + 5)) + 0.
8
Calculate -1 + 0 + -8 + 8.
-1
14 - (4 - -10 - 6)
6
Calculate -4 + 0 - (-4 - 1).
1
What is 2 - (8 + (-11 - -6) - -5)?
-6
What is the value of (-2 - 3) + -1 + 9 + -2?
1
What is the value of 3 - (-1 + 3) - 5?
-4
What is the value of 94 - 97 - (0 - -1)?
-4
What is the value of (0 + 12 - (5 - 5)) + -5?
7
Calculate 48 - 44 - (-1 - -11 - -1).
-7
What is -4 - (-7 - (4 - 4))?
3
What is the value of (4 - 4) + -9 + 4?
-5
-1 + 3 + -10 + 2 + 8
2
Evaluate (-4 - -2) + 0 - (171 - 168).
-5
Evaluate 2 + -9 + (8 - 4).
-3
What is the value of (5 - 3) + (4 - 4)?
2
What is 45 + -54 - (-8 + -3)?
2
(6 - (-3 - -14)) + 13
8
Calculate -6 + 0 + 14 - 3.
5
-19 + 11 + 14 - (-1 + 1)
6
Evaluate (7 - 3) + -1 + -1 + 3.
5
What is the value of 7 + (7 - 26) + 4 - -14?
6
Evaluate 2 + -2 - (1 - -2 - 1).
-2
Calculate -5 - (5 - (-1 - -7)).
-4
Calculate (-4 - 1) + 17 + -15 + -2.
-5
Calculate 5 + (1 - (3 + 0)).
3
Calculate -8 - (-2 + -4 + 3 + -1).
-4
What is the value of 4 + (1 - (-8 - -5)) + -7?
1
Calculate -8 - ((3 + 5 - 11) + -8).
3
What is the value of 5 + (4 - 6) - (-1 - -10)?
-6
What is the value of 0 + -1 + 4 + 0 + -1?
2
(4 - -4 - 18) + 17
7
What is 7 + (-6 - (0 - (5 - 5)))?
1
What is (1 - 6 - -6) + -6?
-5
What is the value of (-17 - -16) + (1 - -5)?
5
Calculate 4 + 0 + 1 + -1.
4
Evaluate -3 + (2 - (-2 + 3)) - -1.
-1
What is 13 - ((11 - 19) + 11)?
10
3 - 0 - (118 - 117)
2
What is the value of -4 + 9 - (11 + -9)?
3
Calculate -8 + (-5 - (-22 + 9)).
0
Evaluate 1 + -2 + (-9 - -20).
10
What is the value of -1 + (-6 + 0 - (6 + -10))?
-3
What is the value of (-4 - (-1 - 1)) + 0 + 4?
2
Calculate 14 - 11 - -5 - 4.
4
What is the value of -3 + -2 + 2 - 2?
-5
Evaluate 3 + (-4 - (2 + (2 - 8))).
3
Evaluate (2 - 5 - -5) + -1.
1
Calculate 2 - (16 + -6 + -6).
-2
Calculate 3 + (-7 - -4) + (1 - 4).
-3
10 + -4 + 0 - 6
0
What is the value of -24 + 23 - (0 - 0 - 3)?
2
Calculate 8 + (-1 - 1) - 7.
-1
What is 2 - ((-1 - (-3 + 0)) + 1)?
-1
What is -1 + 2 + -4 + 8?
5
What is the value of (22 - (10 - -4)) + -15?
-7
What is the value of 0 - (5 + -2 + -5 + -2)?
4
Calculate -3 - (-3 + 2) - 3.
-5
Calculate 1 + (6 - -2) + -1.
8
Evaluate (0 - (-2 - 0)) + (25 - 26).
1
What is the value of -1 + 1 + (-34 - -9) + 25?
0
Evaluate 2 + 6 - (12 + -10 + -2).
8
Evaluate -98 + 100 - (0 + 7).
-5
Calculate -3 - (2 + -1 + 0).
-4
What is -14 + (-9 - (-6 - 10))?
-7
What is 0 - (2 - (2 - 1) - -2)?
-3
What is the value of (0 + 3 + -3 - -1) + 3?
4
What is 27 + -24 + (-1 - 6)?
-4
Calculate 12 - (11 + (7 - 10)).
4
Evaluate 3 - ((8 - 3) + -1 + -3).
2
-6 + 5 + -6 + 4 - -8
5
What is the value of -5 + 1 + 2 + (-10 - -10)?
-2
Calculate 7 + 2 + -1 + -4 - 5.
-1
2 - 0 - (-6 + 5)
3
Evaluate 6 + (-5 - -2) - (-4 - -3).
4
What is the value of -4 + 6 + (5 - 6)?
1
-2 + 6 + -1 + -6
-3
(-5 - 2) + 12 - -1
6
What is the value of -1 - (4 - (-1 + 4))?
-2
Evaluate 8 - 3 - (-1 - -3).
3
What is 2 - (2 + 4 + -2)?
-2
Evaluate 5 + (-7 - -1 - (-4 - 0)).
3
Calculate -5 + (-3 - (-2 + -3)) + 4.
1
What is (-1 - (1 + -1)) + -4?
-5
1 + (1 - 3) + 6 + -4
1
1 + 3 + (0 - 2) + 3
5
What is 1 + -1 + (-4 - -2) + -2?
-4
What is the value of 5 + -8 + (8 - 4)?
1
5 + (-5 - -5 - 7) - 5
-7
Evaluate 4 + -1 + -1 + 11 + -15.
-2
4 + (19 + -11 - 18)
-6
What is the value of 1 + -8 - (1 - 3) - -9?
4
What is the value of -2 - (1 - (-12 + 16))?
1
(5 - 5) + (6 - (-2 + 4))
4
What is the value of 3 + (-4 - 2 - -1)?
-2
-2 + 0 - (-47 + 37) - 4
4
Evaluate 4 + 0 + 4 - 8.
0
What is 0 - ((3 + -9 - -2) + 3)?
1
What is 1 - 4 - (-3 + 4) - -2?
-2
What is the value of -2 + 2 + 1 - (-8 + 13)?
-4
What is the value of 4 + 0 - (-1 - -8)?
-3
What is 6 + -8 + 13 - 8?
3
What is (0 - (0 - 0)) + -2?
-2
Evaluate 3 + (1 - (1 + (-2 - -3))).
2
Evaluate 5 - (-1 - -6 - -1).
-1
Evaluate 3 + -10 + 5 + 6.
4
What is the value of 6 - (1 - (2 - 2))?
5
Calculate (-8 - 0) + 33 + -22.
3
Calculate 1 + 2 - (5 + 0 + -1).
-1
Calculate -8 + 13 + -12 - -7.
0
What is (3 - -1) + -11 + 16 + -7?
2
Evaluate (3 - -10) + (-6 - 2).
5
Evaluate (5 - 2) + -1 + 1.
3
Calculate (3 - 2) + -2 + 9 + -6.
2
4 - (3 + 3) - -3
1
Evaluate 1 - (3 + 3 + -2).
-3
-12 - 1 - (8 - 14)
-7
Calculate 2 + 0 + 0 + -2 + -4.
-4
What is 4 + (1 - (-2 - -6)) - 0?
1
(-1 - (0 - -1)) + (29 - 32)
-5
Calculate (-3 - 0) + (4 + 4 - 2).
3
Evaluate -2 + 0 + 4 + -3 + -1.
-2
What is the value of 7 - (4 - (-4 + 4))?
3
Calculate 0 + -4 + 6 + 0 + 2.
4
What is the value of 7 - 0 - (-13 - -19) - 3?
-2
What is -14 + 11 + (-2 + -1 - -4)?
-2
(9 - 4) + 2 + 1
8
What is the value of 9 + -11 - (-1 + 5 + -1)?
-5
2 + 10 + (6 - 11) + -1
6
What is 13 - (18 + (16 - 12))?
-9
10 + (-22 - (-5 - 0))
-7
Calculate 0 - (-12 + -1 - -8).
5
What is (-1 + -1 - 3) + 4 + -2?
-3
Evaluate -3 + (0 - 3) + 5 + -4.
-5
Calculate 12 - (16 - 7) - (1 + -1).
3
Evaluate 5 + (0 - 8) - -3.
0
What is -5 + -2 + -7 + 1 + 6?
-7
What is the value of -4 + (9 - (3 - 1))?
3
Calculate 3 + (-8 - (-2 - -3)) + 2.
-4
Calculate -2 - (0 - -2) - -4.
0
Evaluate (16 - 4) + (42 - 50).
4
What is (-4 - 3) + -1 + 8?
0
Calculate 2 - (-1 - (1 - (-1 + 2))).
3
4 + (1 - (6 - 1))
0
7 - (6 - (0 - -4))
5
Evaluate (-2 - -1) + (5 - -3 - 3).
4
(10 - (0 - -6)) + 0 + 0
4
What is the value of (-1 + 1 - -1) + -21 + 22?
2
Evaluate 0 + 3 + 0 + 1.
4
Evaluate -5 - ((1 - -1) + -9 + 3).
-1
(3 - -3 - 2) + -3
1
Evaluate 3 + -2 - (5 - (8 - 4)).
0
What is -10 - ((-8 - -2) + 1)?
-5
What is (-1 - -1 - 5) + 2?
-3
Calculate 8 + (-2 - -1 - -5 - 8).
4
What is 0 + 1 + (-1 - -1)?
1
1 + (1 - (3 - 3))
2
0 - 2 - -3 - (-22 + 28)
-5
-2 + 2 - 0 - 1
-1
Calculate -5 + (-2 - 4 - -12).
1
3 + (-19 - -13) + (6 - 2)
1
What is -4 + 11 + (-4 - 2) + 2?
3
5 + (-3 - (-11 + 9))
4
What is -3 - -4 - (3 + (-2 - 0))?
0
Calculate (0 - 0) + 1 + -17 + 18.
2
Evaluate (5 - (4 + -4)) + -2 + -2.
1
Calculate -5 + 6 + -6 + 5.
0
Evaluate 11 + (-8 - -8 - 10).
1
What is the value of (2 - (5 + -8)) + -2?
3
What is the value of -178 + 179 - (7 - -1)?
-7
Calculate -8 - -11 - (-1 - -4).
0
Calculate 2 + (-1 - 0) - 2.
-1
What is the value of -2 - 0 - -3 - (1 + -1)?
1
What is 17 + -10 + -10 + (1 - -3)?
1
Evaluate -349 - -348 - (-13 - -1).
11
3 + 10 + -6 + -7
0
Evaluate 2 - ((6 - 1) + -4).
1
Evaluate (-18 - -4) + 6 - -4.
-4
What is the value of -7 + (4 - (-5 - -7))?
-5
Calculate 4 + 2 + -4 + 6.
8
What is 14 - (1 + (4 - -3))?
6
What is the value of -16 + (-5 - 3 - (-2 - 14))?
-8
(12 + -2 - (11 - 11)) + -5
5
Calculate -10 + -2 - (-5 - 6).
-1
What is 3 + (-2 - 1) + 3?
3
Evaluate 7 + 7 - (1 + 6).
7
Evaluate 8 + 3 + -19 + -1 + 3.
-6
What is the value of -2 + -3 - -6 - 4?
-3
What is 3 + 4 + -1 + -6?
0
What is the value of 10 + (-14 - (-13 - -10))?
-1
Calculate (4 - (3 + -4)) + -4.
1
2 - 6 - (5 + -11)
2
What is the value of (2 - 3 - -6) + (24 - 30)?
-1
What is -2 + (1 - -1) + 8 + -14?
-6
What is (22 - -4) + -16 + -3 + 0?
7
What is -2 + 0 - (-15 + 8)?
5
What is the value of -2 + (0 - -6) - -8 - 6?
6
What is -4 - 4 - (4 + (-4 - 2))?
-6
-1 + 1 + 156 + -160
-4
What is -11 + 14 + -2 + 1?
2
Calculate 5 + 0 + 2 + (5 - 8).
4
0 + (-4 - -6 - 0 - 5)
-3
What is the value of 3 + (-7 - (0 + -2)) + 3?
1
Calculate 2 - (6 + -9 + (0 - -6)).
-1
Evaluate (9 - 5) + (-3 - 2).
-1
Calculate 13 + (4 - (6 - -4)).
7
What is the value of 0 - (-2 + 2 - -4)?
-4
Evaluate -1 - 7 - (-165 + 157).
0
Calculate -1 - (-5 + (1 - -1)).
2
What is 2 - (1 + 5 + -1)?
-3
What is 0 + -3 + -1 - -5?
1
Calculate 3 + (-5 + 9 - (4 - 0)).
3
14 - 13 - (2 - 4)
3
Evaluate -1 + -4 - ((-10 - 6) + 15).
-4
What is 23 - 19 - (4 - 2)?
2
What is the value of 2 + 7 + 2 - 2?
9
Calculate 1 - 8 - -10 - (7 + -2).
-2
Evaluate 1 + -3 + 0 - 0.
-2
Calculate (0 + 4 - -1 - 4) + 4.
5
What is the value of 1 + 24 + -7 + -11?
7
Calculate 12 + -6 - (0 + -1 - -2).
5
What is the value of 3 + 4 + -6 + 4 - 1?
4
What is the value of (3 - 1) + (-2 - -1 - 2)?
-1
Evaluate -1 + (-2 - -6) + 0.
3
Evaluate (5 + -5 - 6) + 2.
-4
Calculate -3 + (-2 - -1) + 4.
0
6 + (14 - 8) + -1 + -9
2
Evaluate 1 + -1 + 17 + -2 + -7.
8
Calculate (4 - (-6 + 5)) + -5.
0
What is 0 - (5 + -7 - 1)?
3
-3 - -6 - (10 + -6 - -8)
-9
(1 - (7 - (3 + 1))) + -4
-6
Calculate (5 - 1 - -1) + -82 + 82.
5
Evaluate 4 + -1 + -1 + 1.
3
0 + 4 - (0 - -1)
3
-4 + -3 + 10 + -4
-1
Calculate (7 - -3) + 9 + -14.
5
Evaluate (-3 + (-1 - -3) - 0) + -